e third derivative of h(a). Calculate k(6).
-6
Let c be (-33)/9 - 318/(-18). Let i(p) = -p**2 + 13*p + 45. Calculate i(c).
31
Let z(v) = v - 552*v**3 + 553*v**3 - 18 + 27 + 8*v**2 + 13*v. Determine z(-6).
-3
Let f(o) be the second derivative of 8*o + 0*o**2 + 0 + 7/6*o**3. Determine f(-1).
-7
Suppose 13*n - 5*n + 128 = 0. Let w(o) = o**3 - 9*o**2 + 12*o - 10. Let j be w(8). Let k = n + j. Let l(r) = -r**3 + 5*r**2 + 4*r + 3. Calculate l(k).
-9
Let p(a) = a**3 + 10*a**2 + 2*a + 17. Let k(u) = u**3 + 9*u**2 + 2*u + 17. Let o(c) = 5*k(c) - 6*p(c). Let v = -4927 - -4912. Calculate o(v).
13
Let q(o) = 21*o**2 + 2*o - 2. Let p(v) = 22*v**2 - 11*v + 33. Let l(z) = 2*p(z) - 2*q(z). What is l(9)?
-2
Let q(x) be the second derivative of -x**5/20 + 4*x**4/3 + x**3/6 - 10*x**2 + 2*x - 26. Let b be (160/(-15) + 10)*-24. Give q(b).
-4
Let h(c) be the third derivative of -c**5/60 + c**4/3 + c**2. Let n = 12 + -13. Let a = n - -7. What is h(a)?
12
Let f(l) = -11*l + 503. Let n = 20920 - 20875. What is f(n)?
8
Let p(b) = 5*b**3 - 4*b**2 - 83. Let n(m) = -4*m**3 + 5*m**2 + 65. Let f(z) = 4*n(z) + 3*p(z). Calculate f(8).
11
Let p(c) = c**3 + 6*c**2 + c - 3. Let h(o) = 3*o**3 + 17*o**2 + 2*o - 9. Let k(b) = -4*h(b) + 11*p(b). Let r be ((-8)/(-32))/((-2)/56) - -4. Give k(r).
3
Let k be (-12)/8 - (7/2 + -4). Let s(m) = 8*m - 1. Give s(k).
-9
Let o(q) = 12*q + 2. Let w(j) = -12*j - 3. Let f(v) = -5 - 4*v - 3 + 1 - 8. Let y be f(-3). Let c(s) = y*o(s) - 2*w(s). Determine c(-1).
12
Let i be 0/(-4 - (-1 - 1)). Suppose 2*m + i*m = 0. Let u(l) = -l**2 + l + 105207 - 105213 - l**3 + 0*l**3. What is u(m)?
-6
Let c(k) = k**2 - 7*k + 13. Suppose -58*z + 59 + 115 = 0. Give c(z).
1
Let c(d) = -2*d**2 - 2*d + 6. Suppose 5*x + 1 = 4*p, 55*x - 52*x + 3 = 3*p. Calculate c(p).
-34
Let p(c) be the first derivative of c**5/20 + c**4/6 + 24*c**2 + 72. Let j(s) be the second derivative of p(s). Calculate j(-3).
15
Let j(v) = v**2 + 13*v + 20. Let r be 1/(4/(-10) + (-248)/(-720)). Let s be 42/(-4) - (-9)/r. Let t be j(s). Let h(p) = 3*p + 3. Calculate h(t).
-3
Let j be -4*3*(-1)/4. Suppose 0 = -172*l + 175*l - 261. Let k(r) = -l*r**2 - 7 - r**3 + 93*r**2 + 8*r - j. Give k(7).
-3
Let a(h) = 4*h**2 - 18 - 4 - 12*h**2 - 13*h + 7*h**2 - 10*h. Determine a(-18).
68
Let d(i) = 124*i**2 - 249*i**2 + 137*i**2 + 5*i + 1. Give d(-1).
8
Let w(d) = 6*d + 12. Let j be 3*32/24*2/(-2). Determine w(j).
-12
Let b(t) be the first derivative of -t**3/3 - 5*t**2 + 16*t - 1408. Let g be (-14 - -3)*3/3. Determine b(g).
5
Let b(f) = -8*f - 18. Let w(o) = 6*o + 12. Let v(h) = 5*b(h) + 7*w(h). Let y = -379 + 385. Give v(y).
6
Let q = 6112 - 6120. Let j(i) = -6*i - 85. Calculate j(q).
-37
Let i(o) = 4*o - 2. Let j be 12/4 - (-1 - (-315)/3). Let a = -105 - j. What is i(a)?
-18
Let n(s) = 2*s - 148. Let h be n(74). Let z(b) be the first derivative of -12 - 11/3*b**3 + h*b**2 + b. Determine z(-1).
-10
Suppose 4*d + 17 = 3*b, -3*b + 2 = -2*d + d. Let g(k) = -11*k - 3. Let j(n) = -20*n - 7. Let a(q) = 7*g(q) - 4*j(q). Give a(d).
-8
Let i(s) = -s**2 - 12. Let m = 25530 + -25541. Calculate i(m).
-133
Let w(d) be the first derivative of 1/4*d**4 + 1/2*d**2 + 144 + 0*d + 2*d**3. Give w(-5).
20
Let c(y) = 30*y**2 - 11*y - 6. Let t(h) = -98*h**2 + 32*h + 16. Let l(j) = 13*c(j) + 4*t(j). Give l(-9).
-41
Let m(c) = 4*c + 4. Let i(z) = -13*z - 10. Let h be i(-4). Let x = h - 45. Let j be (x/2)/(5/10). Determine m(j).
-8
Let q(l) = -30*l + 51. Suppose -d - 6 = -3*a, -3*d = -3*a - d + 6. What is q(a)?
-9
Let a(g) be the second derivative of 4*g**3 + 110*g**2 - 5*g - 66. Give a(-9).
4
Let n(m) be the third derivative of -m**6/120 + m**5/6 + 5*m**4/12 + 2*m**3 + 105*m**2 + 2. What is n(11)?
1
Let s(z) be the first derivative of 1/4*z**4 + 2/3*z**3 - 36 - 2*z - 5/2*z**2. Let t = 9 + -13. Calculate s(t).
-14
Let c(n) = 3290*n**3 + 3295*n**3 + 3293*n**3 + 3*n + 5 - 9877*n**3. What is c(-2)?
-9
Let k = -42 + 42. Let u(l) = k*l**3 - l**3 - 6*l**2 + 8*l + 2*l**3 + 1118 - 1129. Give u(5).
4
Let u = -5400 - -5397. Let o(z) = -5*z**2 + 5*z + 5. Determine o(u).
-55
Let z(u) = 84*u + 29. Let c(x) = 30*x + 10. Let s(n) = -11*c(n) + 4*z(n). Calculate s(-4).
-18
Let d(v) = 77 + 134 + 4*v - 209 - 6*v**2. Calculate d(-2).
-30
Let q(a) be the second derivative of 0*a**2 + 27*a + 1/20*a**5 + 0 + 5/12*a**4 + 1/6*a**3. Calculate q(-5).
-5
Let j(p) = -4*p**3 - 16*p**2 + 11. Let u(s) = -s**3 - 21*s**2 + 18*s**2 + 20 - 18. Let h(i) = 2*j(i) - 11*u(i). Give h(-1).
-2
Suppose -108*l + 110*l - 4*a = -28, -5*l = -2*a + 46. Let j(d) be the third derivative of d**5/60 + d**4/4 + 4*d**3/3 + d**2. Give j(l).
24
Let g(b) = b + 4. Let y = 283 - 254. Suppose 22*r = y*r - 14. Calculate g(r).
6
Let c(q) = -9*q**2 + 8*q**2 + 14*q**2 + 7*q + 15 - 9*q**2. Let a(z) = -3*z**2 - 7*z - 12. Let i(d) = -3*a(d) - 2*c(d). What is i(-5)?
-4
Let n(t) = t**3 - 5*t**2 + 33*t - 3. Let c(i) = 4*i**3 - 21*i**2 + 150*i - 11. Let x(w) = -4*c(w) + 18*n(w). Calculate x(4).
-2
Let c(v) = v + 1. Let n be c(4). Suppose 0 = n*s - 14 + 4. Let l(g) be the second derivative of -g**4/4 + g**3/2 - g**2 - 29324*g. Calculate l(s).
-8
Suppose x - 7 = -n, n + 5*x - 17 - 2 = 0. Suppose 0 = -2*a + n, 0 = 6*q - q - a - 68. Let k(t) = -5*t - 10 - t**2 + 23 - q. Calculate k(-4).
3
Let z = 707 + -705. Let k(q) be the third derivative of q**4/12 - q**3/3 + 8*q**2 - 4. Calculate k(z).
2
Let x(s) = -6*s + 14. Suppose -4*n + 2*i = -0*n - 8, -2*i = -3*n + 5. Let q be x(n). Let j(b) = b**3 + 2*b**2 - 7*b - 5. What is j(q)?
-9
Let k be (-252)/(-90) + (-2)/(-10). Let h(x) be the third derivative of -x**6/120 + x**5/15 - 5*x**4/24 + x**3/2 - 2*x**2 - 2*x. What is h(k)?
-3
Suppose -m - 116 = -4*j, m = j - 3*m - 44. Suppose 32 = 12*s - j. Let r(y) = 602*y**2 - 302*y**2 + s*y - 3 - 301*y**2. What is r(5)?
-3
Let u(d) = 47*d + 21. Let g be u(4). Let t(m) = -419*m**2 - 3 - 2*m + g*m**2 + 216*m**2. What is t(-2)?
25
Let a(k) = -10*k - 44. Let q(y) = 17*y + 49. Let w(c) = 4*a(c) + 3*q(c). Determine w(5).
26
Let d be ((-2)/5)/(1/(-5)). Let r = 1238 - 1221. Let x(g) = 10*g - 24*g + r*g - 5 - 4*g**d - g**3. Calculate x(-5).
5
Let x(m) = -6*m - 5. Let h be 4/80*4 + (-1092)/260. What is x(h)?
19
Suppose 27*u = 33*u - 90990. Let k(r) = u*r - 1 - 15161*r + 0. Give k(5).
19
Let y = 8 + -5. Let c(n) = 1284*n**2 - 320*n**2 - 320*n**2 - 4 - n - 320*n**2 - 321*n**2. Calculate c(y).
20
Let f(l) = -3*l - 3. Suppose -122 = 1673*j - 1795*j. What is f(j)?
-6
Let a(t) = -t**2 + 9*t - 2. Let w be a(3). Let q be 30 + w/(-2) + 4. Let z(g) = -q*g - g**2 + 26*g. Determine z(-2).
-4
Let t be 1*22 - (-2272)/(-568). Let o(n) = n**3 - 17*n**2 - 18*n + 31. What is o(t)?
31
Let r(m) = -m**3 - 5*m**2 - 7*m - 4. Suppose 32*c + 60 = -68. What is r(c)?
8
Let w(c) = -5*c**2 + c + 8. Let i(m) = 17*m**2 - 25. Let z(l) = -2*i(l) - 7*w(l). Let r(u) = 8*u**2 - 6*u + 6. Let j be r(1). Give z(j).
2
Let q(i) = -3*i**2 + 0*i**2 + 8*i + 2*i**2 + 3. Let d be 64/8 - -859 - 0. Let s = d + -861. Determine q(s).
15
Let o(a) = 13*a - 87. Let p be o(7). Let u be ((-9)/p)/((-42)/112). Let n(c) = -c + 11. What is n(u)?
5
Let d = -3750 - -3755. Let v(f) = -8*f**2 + 39*f - 8. Calculate v(d).
-13
Let q be ((-2)/2 - 1) + 4. Suppose j = -q*j + 6. Let a be 0 + 11 - (j + 2). Let f(t) = -t**2 + 6*t + 2. Calculate f(a).
-5
Let j(i) = -i**2 - i - 1. Let h(t) = -t**2 - 17*t + 4. Let y(z) = -19*z + 5. Let w(q) = 3*h(q) - 2*y(q). Let m(n) = -4*j(n) + w(n). Determine m(7).
-8
Let q(y) = -y**2 + 9*y + 4. Suppose -75 = -16*x + 53. Give q(x).
12
Let l(y) = 4*y + 2. Let a = 9 - 2. Let u(h) = -a - 4*h**2 - 13*h + h**2 + 2*h**2 - 13. Let z be u(-11). What is l(z)?
10
Let c = 193 + 218. Suppose 0 = -5*j + 5*a + 350, 0 = 5*j - 2*a - c + 49. Let v = j - 68. Let t(s) = -2*s - 6. Determine t(v).
-18
Suppose 97 = 5*j - 2*d, -2*j + 6*d - 7*d + 46 = 0. Suppose 1 = -j*l - 20. Let r(i) = 5*i**2 - i - 1. What is r(l)?
5
Let f(w) = -w**2 + 4*w + 7. Let k be f(6). Let b be (-75)/(-39) - 1/(-13). Let x(y) = 10*y**2 - 147 - 9*y**b + 152 + 6*y. Determine x(k).
0
Let y be (-1)/1*2730/(-14). Let h be 4*(-2)/60 + (-364)/y. Let v(p) = -2*p + 2. Give v(h).
6
Let o(s) = s**3 + s**2 + s - 1. Suppose 23*m + 109 = 40. Let u be 2/m*-1 - (-7)/21. Calculate o(u).
2
Let w(g) = -g**2 + g + 2. Let s = 14 - 10. Let x be